{"id":6437,"date":"2013-02-26T09:06:30","date_gmt":"2013-02-26T09:06:30","guid":{"rendered":"http:\/\/www.arkiplot.com\/arkiplotblog\/?page_id=2"},"modified":"2021-03-17T17:03:29","modified_gmt":"2021-03-17T16:03:29","slug":"servicios","status":"publish","type":"page","link":"https:\/\/www.arkiplot.com\/arkiplotblog\/servicios\/","title":{"rendered":"Servicios"},"content":{"rendered":"<p><a href=\"https:\/\/arkiplot.com\/arkiplotblog\/wp-content\/uploads\/2013\/02\/callcenter.png\"><img loading=\"lazy\" decoding=\"async\" width=\"99\" height=\"94\" class=\"alignright  wp-image-10\" src=\"https:\/\/arkiplot.com\/arkiplotblog\/wp-content\/uploads\/2013\/02\/callcenter.png\" alt=\"callcenter\" \/><\/a>Nuestra capacidad de compra, as\u00ed como el conocimiento del sector (fabricantes, importadores, etc)\u00a0 nos permite ofrecer buenos precios y una extensa gama de productos de las principales marcas del sector.<\/p>\n<p>Somos distribuidores de:<\/p>\n<p><strong>Plotter e impresoras base agua y ecosolventes y sus consumibles:<\/strong><\/p>\n<ul>\n<li>HP<\/li>\n<li>Epson<\/li>\n<li>Canon<\/li>\n<li>Roland<\/li>\n<li>Mutoh<\/li>\n<\/ul>\n<p><strong>Plotter de Corte y sus consumibles:<\/strong><\/p>\n<ul>\n<li>GCC<\/li>\n<li>Foison<\/li>\n<li>Mutoh<\/li>\n<\/ul>\n<p><strong>Maquinaria Sublimaci\u00f3n<\/strong><\/p>\n<ul>\n<li>Ricoh<\/li>\n<li>Epson<\/li>\n<\/ul>\n<p><strong>Maquinaria gr\u00e1fica<\/strong><\/p>\n<ul>\n<li>PMA<\/li>\n<li>Neolt<\/li>\n<li>Ideal<\/li>\n<\/ul>\n<p><strong>Papeles T\u00e9cnicos fotogr\u00e1ficos y de carteler\u00eda<\/strong><\/p>\n<ul>\n<li>Canson Infinity<\/li>\n<li>Hahnem\u00fclher<\/li>\n<li>Ilford<\/li>\n<li>kodak<\/li>\n<li>Sihl<\/li>\n<li>Texprint<\/li>\n<\/ul>\n<p>Ofrecemos un gran abanico de productos, reducidos tiempos de entrega y un excelente nivel de servicio.<\/p>\n<p>Los clientes que han comprado en arkiplot.com repiten. La facilidad de navegaci\u00f3n por nuestra p\u00e1gina, nuestro servicio de Chat para cualquier duda o consulta, nuestro correo electr\u00f3nico\u2026 ponemos al servicio del cliente todos los instrumentos que nos proporciona la red para estar cerca de ellos, las 24 horas del d\u00eda y los 365 d\u00edas del a\u00f1o.<\/p>\n<p>Prestamos nuestros servicios de ventas a trav\u00e9s de Internet en la p\u00e1gina Web\u00a0<a href=\"https:\/\/www.arkiplot.com\/\">www.arkiplot.com<\/a>.<\/p>\n<h3 class='related_post_title'>Art\u00edculos y noticias relacionadas:<\/h3><ul class='related_post'><li>No hay art\u00edculos y noticias relacionadas:<\/li><\/ul>","protected":false},"excerpt":{"rendered":"<p>Nuestra capacidad de compra, as\u00ed como el conocimiento del sector (fabricantes, importadores, etc)\u00a0 nos permite ofrecer buenos precios y una extensa gama de productos de las principales marcas del sector&#8230;.<\/p>\n","protected":false},"author":1,"featured_media":0,"parent":0,"menu_order":1,"comment_status":"closed","ping_status":"closed","template":"","meta":{"_acf_changed":false,"footnotes":""},"class_list":["post-6437","page","type-page","status-publish","hentry"],"acf":[],"_links":{"self":[{"href":"https:\/\/www.arkiplot.com\/arkiplotblog\/wp-json\/wp\/v2\/pages\/6437","targetHints":{"allow":["GET"]}}],"collection":[{"href":"https:\/\/www.arkiplot.com\/arkiplotblog\/wp-json\/wp\/v2\/pages"}],"about":[{"href":"https:\/\/www.arkiplot.com\/arkiplotblog\/wp-json\/wp\/v2\/types\/page"}],"author":[{"embeddable":true,"href":"https:\/\/www.arkiplot.com\/arkiplotblog\/wp-json\/wp\/v2\/users\/1"}],"replies":[{"embeddable":true,"href":"https:\/\/www.arkiplot.com\/arkiplotblog\/wp-json\/wp\/v2\/comments?post=6437"}],"version-history":[{"count":2,"href":"https:\/\/www.arkiplot.com\/arkiplotblog\/wp-json\/wp\/v2\/pages\/6437\/revisions"}],"predecessor-version":[{"id":10469,"href":"https:\/\/www.arkiplot.com\/arkiplotblog\/wp-json\/wp\/v2\/pages\/6437\/revisions\/10469"}],"wp:attachment":[{"href":"https:\/\/www.arkiplot.com\/arkiplotblog\/wp-json\/wp\/v2\/media?parent=6437"}],"curies":[{"name":"wp","href":"https:\/\/api.w.org\/{rel}","templated":true}]}}